

{"id":6601,"date":"2020-08-27T16:05:44","date_gmt":"2020-08-27T14:05:44","guid":{"rendered":"https:\/\/www.echelette.ch\/?page_id=6601"},"modified":"2020-08-30T09:35:23","modified_gmt":"2020-08-30T07:35:23","slug":"notre-histoire-vues-du-chalet","status":"publish","type":"page","link":"https:\/\/echelette.ch\/?page_id=6601","title":{"rendered":"Vues du chalet"},"content":{"rendered":"\n<h3 class=\"wp-block-heading\">Vue depuis le nord<\/h3>\n\n\n\n<p>Lorsqu&#8217;il \u00e9tait encore possible de photographier la fa\u00e7ade nord.<\/p>\n\n\n\n<div class=\"wp-block-image\"><figure class=\"aligncenter\"><a href=\"https:\/\/www.echelette.ch\/wp-content\/uploads\/chalet01.png\"><img fetchpriority=\"high\" decoding=\"async\" width=\"386\" height=\"306\" src=\"https:\/\/www.echelette.ch\/wp-content\/uploads\/chalet01.png\" alt=\"\" class=\"wp-image-6567\" srcset=\"https:\/\/echelette.ch\/wp-content\/uploads\/chalet01.png 386w, https:\/\/echelette.ch\/wp-content\/uploads\/chalet01-300x238.png 300w, https:\/\/echelette.ch\/wp-content\/uploads\/chalet01-332x263.png 332w\" sizes=\"(max-width: 386px) 100vw, 386px\" \/><\/a><figcaption>Le chalet, tel qu&#8217;il a \u00e9t\u00e9 construit en 1930<\/figcaption><\/figure><\/div>\n\n\n\n<hr class=\"wp-block-separator\"\/>\n\n\n\n<div style=\"height:100px\" aria-hidden=\"true\" class=\"wp-block-spacer\"><\/div>\n\n\n\n<h3 class=\"wp-block-heading\">Vue depuis le sud<\/h3>\n\n\n\n<p>Le chalet a \u00e9t\u00e9 agrandi entre le printemps 1948 et l&#8217;\u00e9t\u00e9 1949.<\/p>\n\n\n\n<div class=\"wp-block-image\"><figure class=\"aligncenter size-large\"><a href=\"https:\/\/www.echelette.ch\/wp-content\/uploads\/chalet02.png\"><img decoding=\"async\" width=\"584\" height=\"440\" src=\"https:\/\/www.echelette.ch\/wp-content\/uploads\/chalet02.png\" alt=\"\" class=\"wp-image-6602\" srcset=\"https:\/\/echelette.ch\/wp-content\/uploads\/chalet02.png 584w, https:\/\/echelette.ch\/wp-content\/uploads\/chalet02-300x226.png 300w, https:\/\/echelette.ch\/wp-content\/uploads\/chalet02-332x250.png 332w\" sizes=\"(max-width: 584px) 100vw, 584px\" \/><\/a><figcaption>Le nouveau chalet inaugur\u00e9 le dimanche 21 ao\u00fbt 1949.<\/figcaption><\/figure><\/div>\n\n\n\n<p>Dans son r\u00e9cit &#8220;<a href=\"https:\/\/www.echelette.ch\/?page_id=6490\">Historique du Ski-Club L&#8217;Echelette<\/a>&#8220;, Andr\u00e9 Kohler \u00e9crit en 2004\/2005 :<\/p>\n\n\n\n<blockquote class=\"wp-block-quote is-layout-flow wp-block-quote-is-layout-flow\"><p>Il a le d\u00e9faut de ses qualit\u00e9s ! Son empi\u00e8tement plus grand ne laisse pas recul n\u00e9cessaire pour en faire une photographie de sa fa\u00e7ade nord.<br>Dommage.<br>Aurait-on un jour la possibilit\u00e9 d&#8217;en faire une prise de vue par ballon, avion ou h\u00e9licopt\u00e8re ?<br>Les moyens techniques existent pourtant. Mais le prix en serait \u00e9lev\u00e9 !<\/p><\/blockquote>\n\n\n\n<hr class=\"wp-block-separator\"\/>\n\n\n\n<div style=\"height:100px\" aria-hidden=\"true\" class=\"wp-block-spacer\"><\/div>\n\n\n\n<h3 class=\"wp-block-heading\">Vue a\u00e9rienne depuis le nord<\/h3>\n\n\n\n<p>Comment Andr\u00e9 pouvait-il alors se douter que la d\u00e9mocratisation des drones nous permettrait, d\u00e8s 2017, de r\u00e9aliser des clich\u00e9s de la fa\u00e7ade nord,  du rocher de l&#8217;Echelette et des alentours ?<\/p>\n\n\n\n<div class=\"wp-block-jetpack-tiled-gallery aligncenter is-style-rectangular\"><div class=\"tiled-gallery__gallery\"><div class=\"tiled-gallery__row\"><div class=\"tiled-gallery__col\" style=\"flex-basis:65.58285761329196%\"><figure class=\"tiled-gallery__item\"><a href=\"https:\/\/i2.wp.com\/www.echelette.ch\/wp-content\/uploads\/chalet04.jpg?ssl=1\"><img decoding=\"async\" srcset=\"https:\/\/i2.wp.com\/www.echelette.ch\/wp-content\/uploads\/chalet04.jpg?strip=info&#038;w=600&#038;ssl=1 600w,https:\/\/i2.wp.com\/www.echelette.ch\/wp-content\/uploads\/chalet04.jpg?strip=info&#038;w=900&#038;ssl=1 900w,https:\/\/i2.wp.com\/www.echelette.ch\/wp-content\/uploads\/chalet04.jpg?strip=info&#038;w=1200&#038;ssl=1 1200w,https:\/\/i2.wp.com\/www.echelette.ch\/wp-content\/uploads\/chalet04.jpg?strip=info&#038;w=1500&#038;ssl=1 1500w,https:\/\/i2.wp.com\/www.echelette.ch\/wp-content\/uploads\/chalet04.jpg?strip=info&#038;w=1800&#038;ssl=1 1800w,https:\/\/i2.wp.com\/www.echelette.ch\/wp-content\/uploads\/chalet04.jpg?strip=info&#038;w=1920&#038;ssl=1 1920w\" alt=\"\" data-height=\"1440\" data-id=\"6604\" data-link=\"https:\/\/www.echelette.ch\/?attachment_id=6604\" data-url=\"https:\/\/www.echelette.ch\/wp-content\/uploads\/chalet04.jpg\" data-width=\"1920\" src=\"https:\/\/i2.wp.com\/www.echelette.ch\/wp-content\/uploads\/chalet04.jpg?ssl=1\" layout=\"responsive\"\/><\/a><\/figure><\/div><div class=\"tiled-gallery__col\" style=\"flex-basis:34.41714238670804%\"><figure class=\"tiled-gallery__item\"><a href=\"https:\/\/i2.wp.com\/www.echelette.ch\/wp-content\/uploads\/chalet05.jpg?ssl=1\"><img decoding=\"async\" srcset=\"https:\/\/i2.wp.com\/www.echelette.ch\/wp-content\/uploads\/chalet05.jpg?strip=info&#038;w=600&#038;ssl=1 600w,https:\/\/i2.wp.com\/www.echelette.ch\/wp-content\/uploads\/chalet05.jpg?strip=info&#038;w=900&#038;ssl=1 900w,https:\/\/i2.wp.com\/www.echelette.ch\/wp-content\/uploads\/chalet05.jpg?strip=info&#038;w=1091&#038;ssl=1 1091w\" alt=\"\" data-height=\"729\" data-id=\"6605\" data-link=\"https:\/\/www.echelette.ch\/?attachment_id=6605\" data-url=\"https:\/\/www.echelette.ch\/wp-content\/uploads\/chalet05.jpg\" data-width=\"1091\" src=\"https:\/\/i2.wp.com\/www.echelette.ch\/wp-content\/uploads\/chalet05.jpg?ssl=1\" layout=\"responsive\"\/><\/a><\/figure><figure class=\"tiled-gallery__item\"><a href=\"https:\/\/i2.wp.com\/www.echelette.ch\/wp-content\/uploads\/chalet06.jpg?ssl=1\"><img decoding=\"async\" srcset=\"https:\/\/i2.wp.com\/www.echelette.ch\/wp-content\/uploads\/chalet06.jpg?strip=info&#038;w=600&#038;ssl=1 600w,https:\/\/i2.wp.com\/www.echelette.ch\/wp-content\/uploads\/chalet06.jpg?strip=info&#038;w=900&#038;ssl=1 900w,https:\/\/i2.wp.com\/www.echelette.ch\/wp-content\/uploads\/chalet06.jpg?strip=info&#038;w=1200&#038;ssl=1 1200w,https:\/\/i2.wp.com\/www.echelette.ch\/wp-content\/uploads\/chalet06.jpg?strip=info&#038;w=1500&#038;ssl=1 1500w,https:\/\/i2.wp.com\/www.echelette.ch\/wp-content\/uploads\/chalet06.jpg?strip=info&#038;w=1800&#038;ssl=1 1800w,https:\/\/i2.wp.com\/www.echelette.ch\/wp-content\/uploads\/chalet06.jpg?strip=info&#038;w=1920&#038;ssl=1 1920w\" alt=\"\" data-height=\"1440\" data-id=\"6606\" data-link=\"https:\/\/www.echelette.ch\/?attachment_id=6606\" data-url=\"https:\/\/www.echelette.ch\/wp-content\/uploads\/chalet06.jpg\" data-width=\"1920\" src=\"https:\/\/i2.wp.com\/www.echelette.ch\/wp-content\/uploads\/chalet06.jpg?ssl=1\" layout=\"responsive\"\/><\/a><\/figure><\/div><\/div><div class=\"tiled-gallery__row\"><div class=\"tiled-gallery__col\" style=\"flex-basis:31.840913782181907%\"><figure class=\"tiled-gallery__item\"><a href=\"https:\/\/i0.wp.com\/www.echelette.ch\/wp-content\/uploads\/chalet07.jpg?ssl=1\"><img decoding=\"async\" srcset=\"https:\/\/i0.wp.com\/www.echelette.ch\/wp-content\/uploads\/chalet07.jpg?strip=info&#038;w=600&#038;ssl=1 600w,https:\/\/i0.wp.com\/www.echelette.ch\/wp-content\/uploads\/chalet07.jpg?strip=info&#038;w=900&#038;ssl=1 900w,https:\/\/i0.wp.com\/www.echelette.ch\/wp-content\/uploads\/chalet07.jpg?strip=info&#038;w=1200&#038;ssl=1 1200w,https:\/\/i0.wp.com\/www.echelette.ch\/wp-content\/uploads\/chalet07.jpg?strip=info&#038;w=1500&#038;ssl=1 1500w,https:\/\/i0.wp.com\/www.echelette.ch\/wp-content\/uploads\/chalet07.jpg?strip=info&#038;w=1800&#038;ssl=1 1800w,https:\/\/i0.wp.com\/www.echelette.ch\/wp-content\/uploads\/chalet07.jpg?strip=info&#038;w=1920&#038;ssl=1 1920w\" alt=\"\" data-height=\"1440\" data-id=\"6607\" data-link=\"https:\/\/www.echelette.ch\/?attachment_id=6607\" data-url=\"https:\/\/www.echelette.ch\/wp-content\/uploads\/chalet07.jpg\" data-width=\"1920\" src=\"https:\/\/i0.wp.com\/www.echelette.ch\/wp-content\/uploads\/chalet07.jpg?ssl=1\" layout=\"responsive\"\/><\/a><\/figure><figure class=\"tiled-gallery__item\"><a href=\"https:\/\/i0.wp.com\/www.echelette.ch\/wp-content\/uploads\/chalet08.jpg?ssl=1\"><img decoding=\"async\" srcset=\"https:\/\/i0.wp.com\/www.echelette.ch\/wp-content\/uploads\/chalet08.jpg?strip=info&#038;w=600&#038;ssl=1 600w,https:\/\/i0.wp.com\/www.echelette.ch\/wp-content\/uploads\/chalet08.jpg?strip=info&#038;w=900&#038;ssl=1 900w,https:\/\/i0.wp.com\/www.echelette.ch\/wp-content\/uploads\/chalet08.jpg?strip=info&#038;w=1200&#038;ssl=1 1200w,https:\/\/i0.wp.com\/www.echelette.ch\/wp-content\/uploads\/chalet08.jpg?strip=info&#038;w=1500&#038;ssl=1 1500w,https:\/\/i0.wp.com\/www.echelette.ch\/wp-content\/uploads\/chalet08.jpg?strip=info&#038;w=1800&#038;ssl=1 1800w,https:\/\/i0.wp.com\/www.echelette.ch\/wp-content\/uploads\/chalet08.jpg?strip=info&#038;w=2000&#038;ssl=1 2000w\" alt=\"\" data-height=\"1365\" data-id=\"6608\" data-link=\"https:\/\/www.echelette.ch\/?attachment_id=6608\" data-url=\"https:\/\/www.echelette.ch\/wp-content\/uploads\/chalet08.jpg\" data-width=\"2048\" src=\"https:\/\/i0.wp.com\/www.echelette.ch\/wp-content\/uploads\/chalet08.jpg?ssl=1\" layout=\"responsive\"\/><\/a><\/figure><\/div><div class=\"tiled-gallery__col\" style=\"flex-basis:68.15908621781809%\"><figure class=\"tiled-gallery__item\"><a href=\"https:\/\/i1.wp.com\/www.echelette.ch\/wp-content\/uploads\/chalet09.jpg?ssl=1\"><img decoding=\"async\" srcset=\"https:\/\/i1.wp.com\/www.echelette.ch\/wp-content\/uploads\/chalet09.jpg?strip=info&#038;w=600&#038;ssl=1 600w,https:\/\/i1.wp.com\/www.echelette.ch\/wp-content\/uploads\/chalet09.jpg?strip=info&#038;w=900&#038;ssl=1 900w,https:\/\/i1.wp.com\/www.echelette.ch\/wp-content\/uploads\/chalet09.jpg?strip=info&#038;w=1200&#038;ssl=1 1200w,https:\/\/i1.wp.com\/www.echelette.ch\/wp-content\/uploads\/chalet09.jpg?strip=info&#038;w=1500&#038;ssl=1 1500w,https:\/\/i1.wp.com\/www.echelette.ch\/wp-content\/uploads\/chalet09.jpg?strip=info&#038;w=1800&#038;ssl=1 1800w,https:\/\/i1.wp.com\/www.echelette.ch\/wp-content\/uploads\/chalet09.jpg?strip=info&#038;w=2000&#038;ssl=1 2000w\" alt=\"\" data-height=\"1365\" data-id=\"6609\" data-link=\"https:\/\/www.echelette.ch\/?attachment_id=6609\" data-url=\"https:\/\/www.echelette.ch\/wp-content\/uploads\/chalet09.jpg\" data-width=\"2048\" src=\"https:\/\/i1.wp.com\/www.echelette.ch\/wp-content\/uploads\/chalet09.jpg?ssl=1\" layout=\"responsive\"\/><\/a><\/figure><\/div><\/div><\/div><\/div>\n\n\n\n<p>Merci \u00e0 Jos\u00e9 Del\u00e9mont et Fr\u00e9d\u00e9ric Bassin qui ont mis \u00e0 disposition leur drone pour ces photos magnifiques !<\/p>\n\n\n\n<p>Voir les galeries compl\u00e8tes :<br><a href=\"https:\/\/www.echelette.ch\/?p=4300\">23.09.2017<\/a><br><a href=\"https:\/\/www.echelette.ch\/?p=5620\">30.11.2019<\/a><\/p>\n\n\n\n<p><\/p>\n","protected":false},"excerpt":{"rendered":"<p>Vue depuis le nord Lorsqu&#8217;il \u00e9tait encore possible de photographier la fa\u00e7ade nord. Vue depuis le sud Le chalet a \u00e9t\u00e9 agrandi entre le printemps 1948 et l&#8217;\u00e9t\u00e9 1949. Dans son r\u00e9cit &#8220;Historique du Ski-Club L&#8217;Echelette&#8220;, Andr\u00e9 Kohler \u00e9crit en 2004\/2005 : Il a le d\u00e9faut de ses qualit\u00e9s ! &#8230;<\/p>\n","protected":false},"author":3,"featured_media":0,"parent":6572,"menu_order":0,"comment_status":"closed","ping_status":"closed","template":"","meta":{"ngg_post_thumbnail":0,"jetpack_post_was_ever_published":false,"footnotes":""},"class_list":["post-6601","page","type-page","status-publish","hentry","column","threecol"],"yoast_head":"<!-- This site is optimized with the Yoast SEO plugin v27.4 - https:\/\/yoast.com\/product\/yoast-seo-wordpress\/ -->\n<title>Ski-Club l&#039;Echelette - Vues du chalet<\/title>\n<meta name=\"robots\" content=\"index, follow, max-snippet:-1, max-image-preview:large, max-video-preview:-1\" \/>\n<link rel=\"canonical\" href=\"https:\/\/echelette.ch\/?page_id=6601\" \/>\n<meta property=\"og:locale\" content=\"fr_FR\" \/>\n<meta property=\"og:type\" content=\"article\" \/>\n<meta property=\"og:title\" content=\"Ski-Club l&#039;Echelette - Vues du chalet\" \/>\n<meta property=\"og:description\" content=\"Vue depuis le nord Lorsqu&#8217;il \u00e9tait encore possible de photographier la fa\u00e7ade nord. Vue depuis le sud Le chalet a \u00e9t\u00e9 agrandi &#8230;\" \/>\n<meta property=\"og:url\" content=\"https:\/\/echelette.ch\/?page_id=6601\" \/>\n<meta property=\"og:site_name\" content=\"Ski-Club l&#039;Echelette\" \/>\n<meta property=\"article:modified_time\" content=\"2020-08-30T07:35:23+00:00\" \/>\n<meta property=\"og:image\" content=\"https:\/\/www.echelette.ch\/wp-content\/uploads\/chalet01.png\" \/>\n<meta name=\"twitter:card\" content=\"summary_large_image\" \/>\n<meta name=\"twitter:label1\" content=\"Dur\u00e9e de lecture estim\u00e9e\" \/>\n\t<meta name=\"twitter:data1\" content=\"1 minute\" \/>\n<script type=\"application\/ld+json\" class=\"yoast-schema-graph\">{\"@context\":\"https:\\\/\\\/schema.org\",\"@graph\":[{\"@type\":\"WebPage\",\"@id\":\"https:\\\/\\\/echelette.ch\\\/?page_id=6601\",\"url\":\"https:\\\/\\\/echelette.ch\\\/?page_id=6601\",\"name\":\"Ski-Club l&#039;Echelette - Vues du chalet\",\"isPartOf\":{\"@id\":\"https:\\\/\\\/echelette.ch\\\/#website\"},\"primaryImageOfPage\":{\"@id\":\"https:\\\/\\\/echelette.ch\\\/?page_id=6601#primaryimage\"},\"image\":{\"@id\":\"https:\\\/\\\/echelette.ch\\\/?page_id=6601#primaryimage\"},\"thumbnailUrl\":\"https:\\\/\\\/www.echelette.ch\\\/wp-content\\\/uploads\\\/chalet01.png\",\"datePublished\":\"2020-08-27T14:05:44+00:00\",\"dateModified\":\"2020-08-30T07:35:23+00:00\",\"breadcrumb\":{\"@id\":\"https:\\\/\\\/echelette.ch\\\/?page_id=6601#breadcrumb\"},\"inLanguage\":\"fr-FR\",\"potentialAction\":[{\"@type\":\"ReadAction\",\"target\":[\"https:\\\/\\\/echelette.ch\\\/?page_id=6601\"]}]},{\"@type\":\"ImageObject\",\"inLanguage\":\"fr-FR\",\"@id\":\"https:\\\/\\\/echelette.ch\\\/?page_id=6601#primaryimage\",\"url\":\"https:\\\/\\\/www.echelette.ch\\\/wp-content\\\/uploads\\\/chalet01.png\",\"contentUrl\":\"https:\\\/\\\/www.echelette.ch\\\/wp-content\\\/uploads\\\/chalet01.png\"},{\"@type\":\"BreadcrumbList\",\"@id\":\"https:\\\/\\\/echelette.ch\\\/?page_id=6601#breadcrumb\",\"itemListElement\":[{\"@type\":\"ListItem\",\"position\":1,\"name\":\"Accueil\",\"item\":\"https:\\\/\\\/echelette.ch\\\/\"},{\"@type\":\"ListItem\",\"position\":2,\"name\":\"Notre Histoire &#8211; page parent\",\"item\":\"https:\\\/\\\/echelette.ch\\\/?page_id=6572\"},{\"@type\":\"ListItem\",\"position\":3,\"name\":\"Vues du chalet\"}]},{\"@type\":\"WebSite\",\"@id\":\"https:\\\/\\\/echelette.ch\\\/#website\",\"url\":\"https:\\\/\\\/echelette.ch\\\/\",\"name\":\"Ski-Club l&#039;Echelette\",\"description\":\"\",\"publisher\":{\"@id\":\"https:\\\/\\\/echelette.ch\\\/#organization\"},\"potentialAction\":[{\"@type\":\"SearchAction\",\"target\":{\"@type\":\"EntryPoint\",\"urlTemplate\":\"https:\\\/\\\/echelette.ch\\\/?s={search_term_string}\"},\"query-input\":{\"@type\":\"PropertyValueSpecification\",\"valueRequired\":true,\"valueName\":\"search_term_string\"}}],\"inLanguage\":\"fr-FR\"},{\"@type\":\"Organization\",\"@id\":\"https:\\\/\\\/echelette.ch\\\/#organization\",\"name\":\"Ski-Club l'Echelette\",\"url\":\"https:\\\/\\\/echelette.ch\\\/\",\"logo\":{\"@type\":\"ImageObject\",\"inLanguage\":\"fr-FR\",\"@id\":\"https:\\\/\\\/echelette.ch\\\/#\\\/schema\\\/logo\\\/image\\\/\",\"url\":\"https:\\\/\\\/www.echelette.ch\\\/wp-content\\\/uploads\\\/2013\\\/02\\\/cropped-timbre-poste-image.gif\",\"contentUrl\":\"https:\\\/\\\/www.echelette.ch\\\/wp-content\\\/uploads\\\/2013\\\/02\\\/cropped-timbre-poste-image.gif\",\"width\":200,\"height\":172,\"caption\":\"Ski-Club l'Echelette\"},\"image\":{\"@id\":\"https:\\\/\\\/echelette.ch\\\/#\\\/schema\\\/logo\\\/image\\\/\"}}]}<\/script>\n<!-- \/ Yoast SEO plugin. -->","yoast_head_json":{"title":"Ski-Club l&#039;Echelette - Vues du chalet","robots":{"index":"index","follow":"follow","max-snippet":"max-snippet:-1","max-image-preview":"max-image-preview:large","max-video-preview":"max-video-preview:-1"},"canonical":"https:\/\/echelette.ch\/?page_id=6601","og_locale":"fr_FR","og_type":"article","og_title":"Ski-Club l&#039;Echelette - Vues du chalet","og_description":"Vue depuis le nord Lorsqu&#8217;il \u00e9tait encore possible de photographier la fa\u00e7ade nord. Vue depuis le sud Le chalet a \u00e9t\u00e9 agrandi &#8230;","og_url":"https:\/\/echelette.ch\/?page_id=6601","og_site_name":"Ski-Club l&#039;Echelette","article_modified_time":"2020-08-30T07:35:23+00:00","og_image":[{"url":"https:\/\/www.echelette.ch\/wp-content\/uploads\/chalet01.png","type":"","width":"","height":""}],"twitter_card":"summary_large_image","twitter_misc":{"Dur\u00e9e de lecture estim\u00e9e":"1 minute"},"schema":{"@context":"https:\/\/schema.org","@graph":[{"@type":"WebPage","@id":"https:\/\/echelette.ch\/?page_id=6601","url":"https:\/\/echelette.ch\/?page_id=6601","name":"Ski-Club l&#039;Echelette - Vues du chalet","isPartOf":{"@id":"https:\/\/echelette.ch\/#website"},"primaryImageOfPage":{"@id":"https:\/\/echelette.ch\/?page_id=6601#primaryimage"},"image":{"@id":"https:\/\/echelette.ch\/?page_id=6601#primaryimage"},"thumbnailUrl":"https:\/\/www.echelette.ch\/wp-content\/uploads\/chalet01.png","datePublished":"2020-08-27T14:05:44+00:00","dateModified":"2020-08-30T07:35:23+00:00","breadcrumb":{"@id":"https:\/\/echelette.ch\/?page_id=6601#breadcrumb"},"inLanguage":"fr-FR","potentialAction":[{"@type":"ReadAction","target":["https:\/\/echelette.ch\/?page_id=6601"]}]},{"@type":"ImageObject","inLanguage":"fr-FR","@id":"https:\/\/echelette.ch\/?page_id=6601#primaryimage","url":"https:\/\/www.echelette.ch\/wp-content\/uploads\/chalet01.png","contentUrl":"https:\/\/www.echelette.ch\/wp-content\/uploads\/chalet01.png"},{"@type":"BreadcrumbList","@id":"https:\/\/echelette.ch\/?page_id=6601#breadcrumb","itemListElement":[{"@type":"ListItem","position":1,"name":"Accueil","item":"https:\/\/echelette.ch\/"},{"@type":"ListItem","position":2,"name":"Notre Histoire &#8211; page parent","item":"https:\/\/echelette.ch\/?page_id=6572"},{"@type":"ListItem","position":3,"name":"Vues du chalet"}]},{"@type":"WebSite","@id":"https:\/\/echelette.ch\/#website","url":"https:\/\/echelette.ch\/","name":"Ski-Club l&#039;Echelette","description":"","publisher":{"@id":"https:\/\/echelette.ch\/#organization"},"potentialAction":[{"@type":"SearchAction","target":{"@type":"EntryPoint","urlTemplate":"https:\/\/echelette.ch\/?s={search_term_string}"},"query-input":{"@type":"PropertyValueSpecification","valueRequired":true,"valueName":"search_term_string"}}],"inLanguage":"fr-FR"},{"@type":"Organization","@id":"https:\/\/echelette.ch\/#organization","name":"Ski-Club l'Echelette","url":"https:\/\/echelette.ch\/","logo":{"@type":"ImageObject","inLanguage":"fr-FR","@id":"https:\/\/echelette.ch\/#\/schema\/logo\/image\/","url":"https:\/\/www.echelette.ch\/wp-content\/uploads\/2013\/02\/cropped-timbre-poste-image.gif","contentUrl":"https:\/\/www.echelette.ch\/wp-content\/uploads\/2013\/02\/cropped-timbre-poste-image.gif","width":200,"height":172,"caption":"Ski-Club l'Echelette"},"image":{"@id":"https:\/\/echelette.ch\/#\/schema\/logo\/image\/"}}]}},"jetpack_shortlink":"https:\/\/wp.me\/P3b1fg-1It","jetpack_sharing_enabled":true,"_links":{"self":[{"href":"https:\/\/echelette.ch\/index.php?rest_route=\/wp\/v2\/pages\/6601","targetHints":{"allow":["GET"]}}],"collection":[{"href":"https:\/\/echelette.ch\/index.php?rest_route=\/wp\/v2\/pages"}],"about":[{"href":"https:\/\/echelette.ch\/index.php?rest_route=\/wp\/v2\/types\/page"}],"author":[{"embeddable":true,"href":"https:\/\/echelette.ch\/index.php?rest_route=\/wp\/v2\/users\/3"}],"replies":[{"embeddable":true,"href":"https:\/\/echelette.ch\/index.php?rest_route=%2Fwp%2Fv2%2Fcomments&post=6601"}],"version-history":[{"count":5,"href":"https:\/\/echelette.ch\/index.php?rest_route=\/wp\/v2\/pages\/6601\/revisions"}],"predecessor-version":[{"id":6675,"href":"https:\/\/echelette.ch\/index.php?rest_route=\/wp\/v2\/pages\/6601\/revisions\/6675"}],"up":[{"embeddable":true,"href":"https:\/\/echelette.ch\/index.php?rest_route=\/wp\/v2\/pages\/6572"}],"wp:attachment":[{"href":"https:\/\/echelette.ch\/index.php?rest_route=%2Fwp%2Fv2%2Fmedia&parent=6601"}],"curies":[{"name":"wp","href":"https:\/\/api.w.org\/{rel}","templated":true}]}}