

{"id":17,"date":"2013-02-12T15:44:51","date_gmt":"2013-02-12T14:44:51","guid":{"rendered":"http:\/\/www.echelette.ch\/?page_id=17"},"modified":"2025-11-13T13:42:02","modified_gmt":"2025-11-13T12:42:02","slug":"accueil","status":"publish","type":"page","link":"https:\/\/echelette.ch\/","title":{"rendered":""},"content":{"rendered":"<div class=\"image-accueil-container\"><a href=\"https:\/\/echelette.ch\/wp-content\/uploads\/bandeau-brouillard-automne-20171001_075736.jpg\" target=\"_blank\" rel=\"noopener noreferrer\"><img decoding=\"async\" src=\"https:\/\/echelette.ch\/wp-content\/uploads\/bandeau-brouillard-automne-20171001_075736.jpg\" alt=\"Direction Nord depuis L&#039;Echelette en automne\" title=\"Direction Nord depuis L&#039;Echelette en automne\" width=\"1000\" class=\"image-accueil\"><\/a><\/div>\n\n\n    <div class=\"calendrier-prochain-gardiennage\">\n        <h3 class=\"calendrier-title\">Prochain gardiennage<\/h3>\n        \n        <table class=\"calendrier-table calendrier-gardiennages\">\n            <thead>\n                <tr>\n                    <th class=\"col-date\">Date<\/th>\n                    <th class=\"col-gardien\">Gardien<\/th>\n                    <th class=\"col-initialement\">Initialement<\/th>\n                    <th class=\"col-remarque\">Remarque<\/th>\n                <\/tr>\n            <\/thead>\n            <tbody>\n                <tr>\n                    <td class=\"col-date\">2-3 mai 2026<\/td>\n                    <td class=\"col-gardien\">Romy Gabrielle<\/td>\n                    <td class=\"col-initialement\">\n                                                    <del>Tschan Christophe<\/del>\n                                            <\/td>\n                    <td class=\"col-remarque\"><\/td>\n                <\/tr>\n            <\/tbody>\n        <\/table>\n    <\/div>\n    \n\n\n\n<blockquote class=\"wp-block-quote is-layout-flow wp-block-quote-is-layout-flow\">\n<p><br>Un certain dimanche d\u2019octobre 1929, deux jeunes gens \u00e2g\u00e9s de 17 ans rentrent d\u2019une randonn\u00e9e dans la r\u00e9gion de l\u2019Echelette. Ils s\u2019arr\u00eatent vers le Plan et l\u2019un des deux dit: \u00abTu ne trouves pas que ce serait bien d\u2019avoir une baraque quelque part\u00bb. Ils se serrent la main et promettent de construire une cahutte. La semaine qui suit ce fameux dimanche, ils se mettent \u00e0 la recherche de copains \u00e9galement int\u00e9ress\u00e9s par ce projet. Au bout de la semaine, ils sont seize.<br>La soci\u00e9t\u00e9 l\u2019Echelette est n\u00e9e.<br><br>Construire un chalet, oui ! Mais o\u00f9 ?<br>A l&#8217;\u00e9poque les grottes de l&#8217;Echelette exercent une v\u00e9ritable fascination sur les jeunes du village. On y organise des exp\u00e9ditions, on imagine de fabuleuses histoires. Attir\u00e9s par les grottes et la vue sur le village depuis les rochers les surplombant, il est tout naturel qu\u2019ils s\u2019int\u00e9ressent \u00e0 \u00abce coin\u00bb.<br><br>Les p\u00e2turages alentours appartenant \u00e0 Monsieur Ulysse Stauffer, ils vont lui demander timidement s&#8217;il est d&#8217;accord de leur vendre ce petit bout de terrain. Il leur r\u00e9pond: \u00abJe ne vous le vends pas, mais je vous le \u2019\u2019donne\u2019\u2019\u00bb. Suit une poign\u00e9e de main comme seul acte officiel de la mise \u00e0 disposition du terrain.<br><br>Durant tout l\u2019hiver, ces jeunes se retrouvent; ils d\u00e9montent des caisses pour en r\u00e9cup\u00e9rer les planches et les clous, d\u00e9coupent des bidons d\u2019huile de m\u00e9nage pour en faire des t\u00f4les, car ils n\u2019ont que peu de moyens \u00e9tant soit \u00e9tudiants, soit apprentis, soit ch\u00f4meurs. Pour se faire de l\u2019argent, ils vendent aux commer\u00e7ants du village et aux sympathisants des actions de cinq francs. Quarante personnes les encouragent et sont d\u2019accord de prendre au moins une action. Ceci leur permet de payer les poutres pour la charpente et des planches. Les gens, sceptiques au d\u00e9but, regardent depuis le village, avec des jumelles, par curiosit\u00e9 ou admiration, l\u2019ouvrage qui progresse. Ils mettent une saison pour construire la totalit\u00e9 du chalet qu\u2019ils nomment \u00able Muguet\u00bb. Le 3 janvier 1931, ces jeunes se r\u00e9unissent dans leur chalet pour le souper de l\u2019inauguration officielle.<\/p>\n<\/blockquote>\n\n\n\n<p>Nous tenons \u00e0 dire toute notre admiration pour ces membres fondateurs qui ont eu le courage de construire ce chalet. Gr\u00e2ce \u00e0 leur pers\u00e9v\u00e9rance, peut-\u00eatre devrions-nous dire leur obstination, gr\u00e2ce \u00e0 l\u2019amiti\u00e9 qui les liait, leur r\u00eave est devenu r\u00e9alit\u00e9.<br>L\u00e0-haut sur la montagne l\u2019est un nouveau chalet.<\/p>\n\n\n\n<p>Depuis l\u2019\u00e9quipe de copains a grandi, le chalet aussi. Bien des souvenirs et des anecdotes sont n\u00e9s l\u00e0-haut ou au cours des diff\u00e9rentes activit\u00e9s que le club a organis\u00e9es ou auxquelles il a particip\u00e9. L\u2019endroit est magnifique, la nature y est splendide. Mais le coin, avec ces grottes et ces rochers les surplombant ne cache-t-il pas quelques myst\u00e8res, peut-\u00eatre est-il m\u00eame hant\u00e9 ? Pour preuve, ce membre qui apr\u00e8s le match aux cartes est parti vers minuit, a tourn\u00e9 longtemps en rond dans le brouillard et n\u2019a retrouv\u00e9 le chalet et ses copains qu\u2019au petit matin.<\/p>\n\n\n\n<p>Si vous aussi, vous aimez la nature, vous retrouver entre amis, passer du bon temps ensemble, alors venez nous dire bonjour. Nous vous attendons, l\u00e0-haut sur les rochers de l\u2019Echelette ou alors lors de l&#8217;une de <a href=\"?page_id=23338\">nos activit\u00e9s<\/a>.<\/p>\n\n\n\n<p><\/p>\n","protected":false},"excerpt":{"rendered":"<p>Un certain dimanche d\u2019octobre 1929, deux jeunes gens \u00e2g\u00e9s de 17 ans rentrent d\u2019une randonn\u00e9e dans la r\u00e9gion de l\u2019Echelette. Ils s\u2019arr\u00eatent vers le Plan et l\u2019un des deux dit: \u00abTu ne trouves pas que ce serait bien d\u2019avoir une baraque quelque part\u00bb. Ils se serrent la main et promettent &#8230;<\/p>\n","protected":false},"author":3,"featured_media":0,"parent":0,"menu_order":0,"comment_status":"closed","ping_status":"closed","template":"template-full-width.php","meta":{"ngg_post_thumbnail":0,"jetpack_post_was_ever_published":false,"footnotes":""},"class_list":["post-17","page","type-page","status-publish","hentry","column","threecol"],"yoast_head":"<!-- This site is optimized with the Yoast SEO plugin v27.5 - https:\/\/yoast.com\/product\/yoast-seo-wordpress\/ -->\n<title>Ski-Club l&#039;Echelette -<\/title>\n<meta name=\"robots\" content=\"index, follow, max-snippet:-1, max-image-preview:large, max-video-preview:-1\" \/>\n<link rel=\"canonical\" href=\"https:\/\/echelette.ch\/\" \/>\n<meta property=\"og:locale\" content=\"fr_FR\" \/>\n<meta property=\"og:type\" content=\"article\" \/>\n<meta property=\"og:title\" content=\"Ski-Club l&#039;Echelette -\" \/>\n<meta property=\"og:description\" content=\"Un certain dimanche d\u2019octobre 1929, deux jeunes gens \u00e2g\u00e9s de 17 ans rentrent d\u2019une randonn\u00e9e dans la r\u00e9gion de l\u2019Echelette. Ils s\u2019arr\u00eatent &#8230;\" \/>\n<meta property=\"og:url\" content=\"https:\/\/echelette.ch\/\" \/>\n<meta property=\"og:site_name\" content=\"Ski-Club l&#039;Echelette\" \/>\n<meta property=\"article:modified_time\" content=\"2025-11-13T12:42:02+00:00\" \/>\n<meta name=\"twitter:card\" content=\"summary_large_image\" \/>\n<meta name=\"twitter:label1\" content=\"Dur\u00e9e de lecture estim\u00e9e\" \/>\n\t<meta name=\"twitter:data1\" content=\"3 minutes\" \/>\n<script type=\"application\/ld+json\" class=\"yoast-schema-graph\">{\"@context\":\"https:\\\/\\\/schema.org\",\"@graph\":[{\"@type\":\"WebPage\",\"@id\":\"https:\\\/\\\/echelette.ch\\\/\",\"url\":\"https:\\\/\\\/echelette.ch\\\/\",\"name\":\"Ski-Club l&#039;Echelette -\",\"isPartOf\":{\"@id\":\"https:\\\/\\\/echelette.ch\\\/#website\"},\"datePublished\":\"2013-02-12T14:44:51+00:00\",\"dateModified\":\"2025-11-13T12:42:02+00:00\",\"inLanguage\":\"fr-FR\",\"potentialAction\":[{\"@type\":\"ReadAction\",\"target\":[\"https:\\\/\\\/echelette.ch\\\/\"]}]},{\"@type\":\"WebSite\",\"@id\":\"https:\\\/\\\/echelette.ch\\\/#website\",\"url\":\"https:\\\/\\\/echelette.ch\\\/\",\"name\":\"Ski-Club l&#039;Echelette\",\"description\":\"\",\"publisher\":{\"@id\":\"https:\\\/\\\/echelette.ch\\\/#organization\"},\"potentialAction\":[{\"@type\":\"SearchAction\",\"target\":{\"@type\":\"EntryPoint\",\"urlTemplate\":\"https:\\\/\\\/echelette.ch\\\/?s={search_term_string}\"},\"query-input\":{\"@type\":\"PropertyValueSpecification\",\"valueRequired\":true,\"valueName\":\"search_term_string\"}}],\"inLanguage\":\"fr-FR\"},{\"@type\":\"Organization\",\"@id\":\"https:\\\/\\\/echelette.ch\\\/#organization\",\"name\":\"Ski-Club l'Echelette\",\"url\":\"https:\\\/\\\/echelette.ch\\\/\",\"logo\":{\"@type\":\"ImageObject\",\"inLanguage\":\"fr-FR\",\"@id\":\"https:\\\/\\\/echelette.ch\\\/#\\\/schema\\\/logo\\\/image\\\/\",\"url\":\"https:\\\/\\\/www.echelette.ch\\\/wp-content\\\/uploads\\\/2013\\\/02\\\/cropped-timbre-poste-image.gif\",\"contentUrl\":\"https:\\\/\\\/www.echelette.ch\\\/wp-content\\\/uploads\\\/2013\\\/02\\\/cropped-timbre-poste-image.gif\",\"width\":200,\"height\":172,\"caption\":\"Ski-Club l'Echelette\"},\"image\":{\"@id\":\"https:\\\/\\\/echelette.ch\\\/#\\\/schema\\\/logo\\\/image\\\/\"}}]}<\/script>\n<!-- \/ Yoast SEO plugin. -->","yoast_head_json":{"title":"Ski-Club l&#039;Echelette -","robots":{"index":"index","follow":"follow","max-snippet":"max-snippet:-1","max-image-preview":"max-image-preview:large","max-video-preview":"max-video-preview:-1"},"canonical":"https:\/\/echelette.ch\/","og_locale":"fr_FR","og_type":"article","og_title":"Ski-Club l&#039;Echelette -","og_description":"Un certain dimanche d\u2019octobre 1929, deux jeunes gens \u00e2g\u00e9s de 17 ans rentrent d\u2019une randonn\u00e9e dans la r\u00e9gion de l\u2019Echelette. Ils s\u2019arr\u00eatent &#8230;","og_url":"https:\/\/echelette.ch\/","og_site_name":"Ski-Club l&#039;Echelette","article_modified_time":"2025-11-13T12:42:02+00:00","twitter_card":"summary_large_image","twitter_misc":{"Dur\u00e9e de lecture estim\u00e9e":"3 minutes"},"schema":{"@context":"https:\/\/schema.org","@graph":[{"@type":"WebPage","@id":"https:\/\/echelette.ch\/","url":"https:\/\/echelette.ch\/","name":"Ski-Club l&#039;Echelette -","isPartOf":{"@id":"https:\/\/echelette.ch\/#website"},"datePublished":"2013-02-12T14:44:51+00:00","dateModified":"2025-11-13T12:42:02+00:00","inLanguage":"fr-FR","potentialAction":[{"@type":"ReadAction","target":["https:\/\/echelette.ch\/"]}]},{"@type":"WebSite","@id":"https:\/\/echelette.ch\/#website","url":"https:\/\/echelette.ch\/","name":"Ski-Club l&#039;Echelette","description":"","publisher":{"@id":"https:\/\/echelette.ch\/#organization"},"potentialAction":[{"@type":"SearchAction","target":{"@type":"EntryPoint","urlTemplate":"https:\/\/echelette.ch\/?s={search_term_string}"},"query-input":{"@type":"PropertyValueSpecification","valueRequired":true,"valueName":"search_term_string"}}],"inLanguage":"fr-FR"},{"@type":"Organization","@id":"https:\/\/echelette.ch\/#organization","name":"Ski-Club l'Echelette","url":"https:\/\/echelette.ch\/","logo":{"@type":"ImageObject","inLanguage":"fr-FR","@id":"https:\/\/echelette.ch\/#\/schema\/logo\/image\/","url":"https:\/\/www.echelette.ch\/wp-content\/uploads\/2013\/02\/cropped-timbre-poste-image.gif","contentUrl":"https:\/\/www.echelette.ch\/wp-content\/uploads\/2013\/02\/cropped-timbre-poste-image.gif","width":200,"height":172,"caption":"Ski-Club l'Echelette"},"image":{"@id":"https:\/\/echelette.ch\/#\/schema\/logo\/image\/"}}]}},"jetpack_shortlink":"https:\/\/wp.me\/P3b1fg-h","jetpack_sharing_enabled":true,"_links":{"self":[{"href":"https:\/\/echelette.ch\/index.php?rest_route=\/wp\/v2\/pages\/17","targetHints":{"allow":["GET"]}}],"collection":[{"href":"https:\/\/echelette.ch\/index.php?rest_route=\/wp\/v2\/pages"}],"about":[{"href":"https:\/\/echelette.ch\/index.php?rest_route=\/wp\/v2\/types\/page"}],"author":[{"embeddable":true,"href":"https:\/\/echelette.ch\/index.php?rest_route=\/wp\/v2\/users\/3"}],"replies":[{"embeddable":true,"href":"https:\/\/echelette.ch\/index.php?rest_route=%2Fwp%2Fv2%2Fcomments&post=17"}],"version-history":[{"count":14,"href":"https:\/\/echelette.ch\/index.php?rest_route=\/wp\/v2\/pages\/17\/revisions"}],"predecessor-version":[{"id":25269,"href":"https:\/\/echelette.ch\/index.php?rest_route=\/wp\/v2\/pages\/17\/revisions\/25269"}],"wp:attachment":[{"href":"https:\/\/echelette.ch\/index.php?rest_route=%2Fwp%2Fv2%2Fmedia&parent=17"}],"curies":[{"name":"wp","href":"https:\/\/api.w.org\/{rel}","templated":true}]}}

<div class="image-accueil-container"><a href="https://echelette.ch/wp-content/uploads/bandeau-brouillard-automne-20171001_075736.jpg" target="_blank" rel="noopener noreferrer"><img decoding="async" src="https://echelette.ch/wp-content/uploads/bandeau-brouillard-automne-20171001_075736.jpg" alt="Direction Nord depuis L&#039;Echelette en automne" title="Direction Nord depuis L&#039;Echelette en automne" width="1000" class="image-accueil"></a></div>


    <div class="calendrier-prochain-gardiennage">
        <h3 class="calendrier-title">Prochain gardiennage</h3>
        
        <table class="calendrier-table calendrier-gardiennages">
            <thead>
                <tr>
                    <th class="col-date">Date</th>
                    <th class="col-gardien">Gardien</th>
                    <th class="col-initialement">Initialement</th>
                    <th class="col-remarque">Remarque</th>
                </tr>
            </thead>
            <tbody>
                <tr>
                    <td class="col-date">2-3 mai 2026</td>
                    <td class="col-gardien">Romy Gabrielle</td>
                    <td class="col-initialement">
                                                    <del>Tschan Christophe</del>
                                            </td>
                    <td class="col-remarque"></td>
                </tr>
            </tbody>
        </table>
    </div>
    



<blockquote class="wp-block-quote is-layout-flow wp-block-quote-is-layout-flow">
<p><br>Un certain dimanche d’octobre 1929, deux jeunes gens âgés de 17 ans rentrent d’une randonnée dans la région de l’Echelette. Ils s’arrêtent vers le Plan et l’un des deux dit: «Tu ne trouves pas que ce serait bien d’avoir une baraque quelque part». Ils se serrent la main et promettent de construire une cahutte. La semaine qui suit ce fameux dimanche, ils se mettent à la recherche de copains également intéressés par ce projet. Au bout de la semaine, ils sont seize.<br>La société l’Echelette est née.<br><br>Construire un chalet, oui ! Mais où ?<br>A l&#8217;époque les grottes de l&#8217;Echelette exercent une véritable fascination sur les jeunes du village. On y organise des expéditions, on imagine de fabuleuses histoires. Attirés par les grottes et la vue sur le village depuis les rochers les surplombant, il est tout naturel qu’ils s’intéressent à «ce coin».<br><br>Les pâturages alentours appartenant à Monsieur Ulysse Stauffer, ils vont lui demander timidement s&#8217;il est d&#8217;accord de leur vendre ce petit bout de terrain. Il leur répond: «Je ne vous le vends pas, mais je vous le ’’donne’’». Suit une poignée de main comme seul acte officiel de la mise à disposition du terrain.<br><br>Durant tout l’hiver, ces jeunes se retrouvent; ils démontent des caisses pour en récupérer les planches et les clous, découpent des bidons d’huile de ménage pour en faire des tôles, car ils n’ont que peu de moyens étant soit étudiants, soit apprentis, soit chômeurs. Pour se faire de l’argent, ils vendent aux commerçants du village et aux sympathisants des actions de cinq francs. Quarante personnes les encouragent et sont d’accord de prendre au moins une action. Ceci leur permet de payer les poutres pour la charpente et des planches. Les gens, sceptiques au début, regardent depuis le village, avec des jumelles, par curiosité ou admiration, l’ouvrage qui progresse. Ils mettent une saison pour construire la totalité du chalet qu’ils nomment «le Muguet». Le 3 janvier 1931, ces jeunes se réunissent dans leur chalet pour le souper de l’inauguration officielle.</p>
</blockquote>



<p>Nous tenons à dire toute notre admiration pour ces membres fondateurs qui ont eu le courage de construire ce chalet. Grâce à leur persévérance, peut-être devrions-nous dire leur obstination, grâce à l’amitié qui les liait, leur rêve est devenu réalité.<br>Là-haut sur la montagne l’est un nouveau chalet.</p>



<p>Depuis l’équipe de copains a grandi, le chalet aussi. Bien des souvenirs et des anecdotes sont nés là-haut ou au cours des différentes activités que le club a organisées ou auxquelles il a participé. L’endroit est magnifique, la nature y est splendide. Mais le coin, avec ces grottes et ces rochers les surplombant ne cache-t-il pas quelques mystères, peut-être est-il même hanté ? Pour preuve, ce membre qui après le match aux cartes est parti vers minuit, a tourné longtemps en rond dans le brouillard et n’a retrouvé le chalet et ses copains qu’au petit matin.</p>



<p>Si vous aussi, vous aimez la nature, vous retrouver entre amis, passer du bon temps ensemble, alors venez nous dire bonjour. Nous vous attendons, là-haut sur les rochers de l’Echelette ou alors lors de l&#8217;une de <a href="?page_id=23338">nos activités</a>.</p>



<p></p>

<p>Un certain dimanche d’octobre 1929, deux jeunes gens âgés de 17 ans rentrent d’une randonnée dans la région de l’Echelette. Ils s’arrêtent vers le Plan et l’un des deux dit: «Tu ne trouves pas que ce serait bien d’avoir une baraque quelque part». Ils se serrent la main et promettent &#8230;</p>

<!-- This site is optimized with the Yoast SEO plugin v27.5 - https://yoast.com/product/yoast-seo-wordpress/ -->
<title>Ski-Club l&#039;Echelette -</title>
<meta name="robots" content="index, follow, max-snippet:-1, max-image-preview:large, max-video-preview:-1" />
<link rel="canonical" href="https://echelette.ch/" />
<meta property="og:locale" content="fr_FR" />
<meta property="og:type" content="article" />
<meta property="og:title" content="Ski-Club l&#039;Echelette -" />
<meta property="og:description" content="Un certain dimanche d’octobre 1929, deux jeunes gens âgés de 17 ans rentrent d’une randonnée dans la région de l’Echelette. Ils s’arrêtent &#8230;" />
<meta property="og:url" content="https://echelette.ch/" />
<meta property="og:site_name" content="Ski-Club l&#039;Echelette" />
<meta property="article:modified_time" content="2025-11-13T12:42:02+00:00" />
<meta name="twitter:card" content="summary_large_image" />
<meta name="twitter:label1" content="Durée de lecture estimée" />
	<meta name="twitter:data1" content="3 minutes" />
<script type="application/ld+json" class="yoast-schema-graph">{"@context":"https:\/\/schema.org","@graph":[{"@type":"WebPage","@id":"https:\/\/echelette.ch\/","url":"https:\/\/echelette.ch\/","name":"Ski-Club l&#039;Echelette -","isPartOf":{"@id":"https:\/\/echelette.ch\/#website"},"datePublished":"2013-02-12T14:44:51+00:00","dateModified":"2025-11-13T12:42:02+00:00","inLanguage":"fr-FR","potentialAction":[{"@type":"ReadAction","target":["https:\/\/echelette.ch\/"]}]},{"@type":"WebSite","@id":"https:\/\/echelette.ch\/#website","url":"https:\/\/echelette.ch\/","name":"Ski-Club l&#039;Echelette","description":"","publisher":{"@id":"https:\/\/echelette.ch\/#organization"},"potentialAction":[{"@type":"SearchAction","target":{"@type":"EntryPoint","urlTemplate":"https:\/\/echelette.ch\/?s={search_term_string}"},"query-input":{"@type":"PropertyValueSpecification","valueRequired":true,"valueName":"search_term_string"}}],"inLanguage":"fr-FR"},{"@type":"Organization","@id":"https:\/\/echelette.ch\/#organization","name":"Ski-Club l'Echelette","url":"https:\/\/echelette.ch\/","logo":{"@type":"ImageObject","inLanguage":"fr-FR","@id":"https:\/\/echelette.ch\/#\/schema\/logo\/image\/","url":"https:\/\/www.echelette.ch\/wp-content\/uploads\/2013\/02\/cropped-timbre-poste-image.gif","contentUrl":"https:\/\/www.echelette.ch\/wp-content\/uploads\/2013\/02\/cropped-timbre-poste-image.gif","width":200,"height":172,"caption":"Ski-Club l'Echelette"},"image":{"@id":"https:\/\/echelette.ch\/#\/schema\/logo\/image\/"}}]}</script>
<!-- / Yoast SEO plugin. -->

Un certain dimanche d’octobre 1929, deux jeunes gens âgés de 17 ans rentrent d’une randonnée dans la région de l’Echelette. Ils s’arrêtent &#8230;
